5*x + 3*u - 14, u = 4. Suppose -4*a + 2*a + w = x. Calculate the remainder when 1 is divided by a.
0
Suppose -22 = -5*v + 8. What is the remainder when 626/18 + v/27 is divided by 12?
11
Let q(m) = m**2 - 7*m - 6. Let d be q(8). What is the remainder when (-3 + 1)*(-8)/d is divided by 5?
3
Let w = 76 - 46. What is the remainder when 87 is divided by w?
27
Suppose 0 = k + 2*k. Suppose k = 4*z + 18 + 10. Calculate the remainder when 8 is divided by (-2)/z + 66/14.
3
Let d(l) = -l**3 - 5*l**2 - 5*l - 2. Let q be d(-4). Suppose -4*o + 5*o - 58 = -3*w, -5*o = -q*w + 33. Calculate the remainder when 55 is divided by w.
17
Suppose 0 = -0*l - 6*l + 180. Calculate the remainder when l is divided by 1*11/((-1)/(-1)).
8
Let a(r) = r - 11. Let v be a(11). Let u = -9 + 20. What is the remainder when 20 - (-3 + 3) - v is divided by u?
9
What is the remainder when 199 is divided by -5*(1 + 4/(-2) - 9)?
49
Let j(c) = 7*c**2 + 3*c + 2. Let z be j(-5). Suppose -4*n + 514 = z. Suppose 5*u - 88 = -4*x, u = 2*x - 6*x + n. What is the remainder when 64 is divided by x?
20
Let r be 6*1/((-9)/42). Let i be (-20)/r - 4/(-14). Suppose 0 = -n + 38 - i. Calculate the remainder when n is divided by 19.
18
Let i = -65 + 127. Calculate the remainder when i is divided by 17.
11
Let s = 7 + -3. Suppose 3*m + 4 = m, 0 = -5*d - s*m + 262. What is the remainder when d is divided by 14?
12
Suppose b = j - 4*j + 23, -4*b = -2*j - 50. Calculate the remainder when 13 is divided by (b/4)/((-2)/(-4)).
6
Suppose -665 = -5*l - 115. Calculate the remainder when l is divided by 23.
18
Let x be (-497)/(-4) + 6/8. Suppose 7*c - 2*c - 4*q - x = 0, q = -5. What is the remainder when c is divided by 11?
10
Suppose 0 = 2*y - 3 + 47. Let h be 2 + -3 + 99/(-3). Let p = y - h. What is the remainder when 22 is divided by p?
10
Let t = -6 - -6. What is the remainder when 51 is divided by t + (-14)/(-1) + -1?
12
Suppose -18 = -2*y - 3*t - 0*t, 2*y - 14 = -2*t. Suppose 62 = 4*l - 5*s + y*s, -5*s + 5 = 0. What is the remainder when 62 is divided by l?
14
Let j be 33 + (-2)/2*1. Let m = 7 - 2. Suppose -p - p + 79 = -5*x, -j = -p - m*x. Calculate the remainder when p is divided by 13.
11
Suppose 0 = -4*b - 0*b + 280. What is the remainder when b is divided by 12?
10
Suppose 2*h = u - 3, h + h + 12 = 4*u. Suppose -2*g + 4*y + 16 = 0, -u*g - 6*y - 9 = -y. Suppose g*a - 21 = -1. What is the remainder when 18 is divided by a?
8
Let k(u) = -u**3 + 6*u**2 + 4*u + 7. Let m = -356 - -374. Calculate the remainder when k(5) is divided by m.
16
Let d = 45 - 31. What is the remainder when 37 is divided by d?
9
Suppose 3*o - 21 = -0*o. Suppose -4*i = -4*n + 36, -2*i + 12 = 2*n - 18. Calculate the remainder when n is divided by o.
5
Let t(n) be the first derivative of n**2/2 - 2*n + 2. Let j be t(6). Let h(s) = s**2 - 5*s + 6. Calculate the remainder when h(j) is divided by 1.
0
Suppose -5*v + 185 = -2*w + 6*w, v + 134 = 3*w. Calculate the remainder when w is divided by 10.
5
Suppose 5 = -2*h - 3*h. What is the remainder when 48 is divided by (1 - 2)*(h - 12)?
9
Let s = 15 - 10. Let c = 38 - s. Suppose 0*f - f = 2*o - 51, -o = 2*f - c. What is the remainder when 67 is divided by o?
21
Let r = -107 - -124. Let n = 2 - 0. Let z(b) = -b**3 + 3*b**2 + 2*b - 2. Calculate the remainder when r is divided by z(n).
5
What is the remainder when 17 is divided by (3 - 21)*(-3)/6?
8
Suppose 0 = 2*v - 4*l - 24, 5*v + 2*l - 7*l = 40. What is the remainder when 9 is divided by v?
1
Let h = -13 + 22. What is the remainder when h is divided by 3?
0
Suppose -27 + 11 = -2*r. Suppose 2*v = v + r. Suppose 4*k + 3*h = 44, -2*k - 2*k + 3*h + 68 = 0. What is the remainder when k is divided by v?
6
Calculate the remainder when 730/15 + (-2)/(-6) is divided by (-17*1)/((-1)/1).
15
Suppose 5*g - 26 = -0*n - n, -4*n = 4*g - 72. What is the remainder when n is divided by 9?
7
Suppose -2*s = a - 23, a + a - 36 = -3*s. Suppose 38 = 3*t - 49. What is the remainder when t is divided by s?
9
Suppose -6 = 2*t - 5*t. Suppose 3*c + 0*a - 14 = -a, 24 = t*c - 3*a. What is the remainder when 1 + (-4)/(4/(-9)) is divided by c?
4
Suppose -2*d - 2*d = 56. Let k = 22 + d. Let t = 26 - 23. Calculate the remainder when k is divided by t.
2
Let n be (2 + (-39)/9)*3. Let z = n - -11. Calculate the remainder when z is divided by 3.
1
Let i(n) = -20*n**3 - n - 1. Calculate the remainder when 39 is divided by i(-1).
19
Let n be (-1 - -19)*(13 + 2). Suppose -90 = 5*c - n. Suppose p - 5*i - c = 0, -p + i = -i - 24. Calculate the remainder when p is divided by 6.
4
Calculate the remainder when 13 is divided by (7 + -8)/((-1)/3).
1
Let u(f) = 10*f + 7. Let v be u(5). Let p = -38 + v. Suppose -32*k = -29*k - 165. Calculate the remainder when k is divided by p.
17
Suppose 5*s = 2*q - 44, 5*s - 16 = -3*q + 50. Let v(b) = b**2 + 3*b - 4. What is the remainder when q is divided by v(-5)?
4
Let k(p) = -8*p + 18. Let b be k(-15). What is the remainder when (b/(12/(-4)))/(-1) is divided by 24?
22
Calculate the remainder when (-18)/5*(2 - 12) is divided by 13.
10
Let m(l) = 9*l + 2. Let f = 5 + -3. Let r = f + 4. Calculate the remainder when m(r) is divided by 19.
18
Let s = -8 - -11. Calculate the remainder when 13 is divided by s.
1
Suppose 2*r + 112 = -2*v, 0*v - 3*v = -5*r + 176. Let k = -28 - v. Let c = 18 + -10. What is the remainder when k is divided by c?
5
Let m(v) = v**3 - 13*v**2 + 8*v + 7. Calculate the remainder when m(13) is divided by 28.
27
Suppose -5 = 4*x - 5*x + n, 4*n - 4 = -2*x. Suppose 5*m - 34 = 2*y, -2*m - 3*y = -3*m + 12. What is the remainder when m is divided by x?
2
Let u = -150 - -155. Let t be (-4)/(-1*2/14). Suppose t + 8 = 4*g. What is the remainder when g is divided by u?
4
Let g = 69 + -61. What is the remainder when 23 is divided by g?
7
Let q(j) = -2*j**3 - 24*j**2 - j + 4. What is the remainder when 191 is divided by q(-12)?
15
Let s(h) be the second derivative of h**3/3 - h**2 + 2*h. Suppose 8 = -2*q - 2*q, -80 = -4*r + 4*q. What is the remainder when r is divided by s(6)?
8
Suppose -5*j = 4*l - 13 - 18, -2*j - 5*l = -26. Suppose -2 = -j*t - 5. Calculate the remainder when 31 is divided by (2/6)/(t/(-33)).
9
Suppose 10 = 5*s - 4*s. Calculate the remainder when 26 is divided by s.
6
Let u = -157 + 221. Calculate the remainder when u is divided by 19.
7
Let g be (-3 + -13)*(-3)/6. Let m be ((-50)/g)/((-2)/8). Suppose -a - 7 = -m. Calculate the remainder when 34 is divided by a.
16
Let s be (-4)/2*9/(-6). Suppose -5*t = -68 + s. Calculate the remainder when 25 is divided by t.
12
Calculate the remainder when 2/(-11) - 2492/(-154) is divided by 7.
2
Let n(p) = p + 2. Let t be n(5). Suppose 7 + t = y - r, -5*y + r + 66 = 0. What is the remainder when y is divided by (-22)/(-4) - (-1)/(-2)?
3
Suppose 0 - 4 = -p. Suppose 4*t - 23 = 5*f, 0*t - 3*t + 19 = -2*f. What is the remainder when t is divided by p?
3
Let y = -57 + -73. Let m = y + 69. Let b = -23 - m. Calculate the remainder when b is divided by 20.
18
Let s be 1*15*5/15. Suppose 15 = -5*u, 9 = -4*v + s*u - 8*u. Suppose -3*i + 4*d + 100 = v, 0*d - 5*d = 20. What is the remainder when i is divided by 10?
8
What is the remainder when (-752)/(-6) - (-1)/(-3) is divided by 21?
20
Let x be ((-8)/(-5))/(8/20). What is the remainder when 2*x*(-6)/(-8) is divided by 4?
2
Let k = 7 - 2. Suppose 4*o = 0, k*n = -3*o + 13 + 7. What is the remainder when (-75)/(-6)*(-4)/(-5) is divided by n?
2
Suppose -4*x = -q + 5, 4*x = 4*q - 26 + 6. Suppose 3*r = 7*r - 8. What is the remainder when q is divided by r?
1
Suppose 2*t - 6*t = -92. Calculate the remainder when (2 - -4)/((-3)/(-22)) is divided by t.
21
Let q = -2 + 11. Let p(w) = -6*w + 13. What is the remainder when p(-2) is divided by q?
7
Calculate the remainder when -4*(106/(-8) + -2) is divided by 16.
13
Suppose 4*p = 7*p - 111. What is the remainder when p is divided by 11?
4
Let g(n) = -n - 1. Let s be g(5). Let p(o) = o**3 + 5*o**2 - 6*o + 7. Suppose -b + 40 = b. What is the remainder when b is divided by p(s)?
6
Let r(c) be the first derivative of -c**3/3 + 6*c**2 + c - 1. What is the remainder when r(12) is divided by 1?
0
Suppose 2*w - 3*t = 83, -3*t - 163 = 4*w - 8*w. Suppose -q - y + 160 = 3*q, -3*y = q - w. Calculate the remainder when q is d